{"id":13404,"date":"2024-04-10T12:20:57","date_gmt":"2024-04-10T12:20:57","guid":{"rendered":"https:\/\/metropolitni.brno.cz\/book\/podil-dlouhodobe-nezamestnanych\/"},"modified":"2024-06-14T14:12:18","modified_gmt":"2024-06-14T14:12:18","slug":"podil-dlouhodobe-nezamestnanych","status":"publish","type":"data-o-bmo","link":"https:\/\/metropolitni.brno.cz\/en\/book\/podil-dlouhodobe-nezamestnanych\/","title":{"rendered":"Pod\u00edl dlouhodob\u011b nezam\u011bstnan\u00fdch"},"content":{"rendered":"","protected":false},"featured_media":0,"template":"","data-temata":[166],"data-temata-typ":[172],"acf":[],"aioseo_notices":[],"_links":{"self":[{"href":"https:\/\/metropolitni.brno.cz\/en\/wp-json\/wp\/v2\/data-o-bmo\/13404"}],"collection":[{"href":"https:\/\/metropolitni.brno.cz\/en\/wp-json\/wp\/v2\/data-o-bmo"}],"about":[{"href":"https:\/\/metropolitni.brno.cz\/en\/wp-json\/wp\/v2\/types\/data-o-bmo"}],"wp:attachment":[{"href":"https:\/\/metropolitni.brno.cz\/en\/wp-json\/wp\/v2\/media?parent=13404"}],"wp:term":[{"taxonomy":"data-temata","embeddable":true,"href":"https:\/\/metropolitni.brno.cz\/en\/wp-json\/wp\/v2\/data-temata?post=13404"},{"taxonomy":"data-temata-typ","embeddable":true,"href":"https:\/\/metropolitni.brno.cz\/en\/wp-json\/wp\/v2\/data-temata-typ?post=13404"}],"curies":[{"name":"wp","href":"https:\/\/api.w.org\/{rel}","templated":true}]}}

Podíl dlouhodobě nezaměstnaných
