{"id":13343,"date":"2024-05-21T11:03:49","date_gmt":"2024-05-21T11:03:49","guid":{"rendered":"https:\/\/metropolitni.brno.cz\/book\/vyrocni-zprava-2023-2\/"},"modified":"2024-05-21T11:03:49","modified_gmt":"2024-05-21T11:03:49","slug":"vyrocni-zprava-2023-2","status":"publish","type":"data-o-bmo","link":"https:\/\/metropolitni.brno.cz\/en\/book\/vyrocni-zprava-2023-2\/","title":{"rendered":"V\u00fdro\u010dn\u00ed zpr\u00e1va 2023"},"content":{"rendered":"\n<div class=\"wp-block-columns is-layout-flex wp-container-core-columns-is-layout-1 wp-block-columns-is-layout-flex\">\n<div class=\"wp-block-column is-layout-flow wp-block-column-is-layout-flow\" style=\"flex-basis:66.66%\">            <div class=\"w-full py-5\"><\/div>\n            \n\n\n<p>V po\u0159ad\u00ed ji\u017e druh\u00e1 zpr\u00e1va Brn\u011bnsk\u00e9 metropolitn\u00ed oblasti, ve kter\u00e9 shrnujeme ty nejd\u016fle\u017eit\u011bj\u0161\u00ed informace za rok 2023. V\u00fdro\u010dn\u00ed zpr\u00e1va obsahuje p\u0159ehled o <strong>projektech podpo\u0159en\u00fdch v&nbsp;programov\u00e9m obdob\u00ed 2021\u20132027<\/strong> a t\u011bch fin\u00e1ln\u011b <strong>dokon\u010den\u00fdch z&nbsp;obdob\u00ed minul\u00e9ho,<\/strong> zaj\u00edmav\u00e9 ud\u00e1losti roku 2023 a men\u0161\u00ed statistickou ro\u010denku.<\/p>\n\n\n\n<p>V roce 2023 oslavila Brn\u011bnsk\u00e1 metropolitn\u00ed oblast 10 let sv\u00e9 existence. Pomal\u00fdmi kroky se tak bl\u00ed\u017e\u00ed k&nbsp;plnoletosti. My jsme si p\u0159ipomn\u011bli dek\u00e1du metropolitn\u00ed spolupr\u00e1ce v\u00fdstavou v&nbsp;brn\u011bnsk\u00e9m Urban centru. Na za\u010d\u00e1tku roku jsme oslovili starostky a starosty z&nbsp;okol\u00ed Brna a zeptali se jich, jak vn\u00edmaj\u00ed meziobecn\u00ed spolupr\u00e1ci v&nbsp;r\u00e1mci Brn\u011bnsk\u00e9 metropolitn\u00ed oblasti. V\u00fdsledky n\u00e1s up\u0159\u00edmn\u011b pot\u011b\u0161ily, proto\u017ee v\u00edce ne\u017e 91&nbsp;% starost\u016f a starostek m\u00e1 o spolupr\u00e1ci v&nbsp;BMO nad\u00e1le z\u00e1jem a spat\u0159uj\u00ed v&nbsp;n\u00ed smysl. V&nbsp;roce 2023 se takt\u00e9\u017e naplno rozb\u011bhla implementace Integrovan\u00e9 strategie rozvoje Brn\u011bnsk\u00e9 metropolitn\u00ed oblasti 21+. V&nbsp;roce 2023 se n\u00e1m poda\u0159ilo schv\u00e1lit celkem 50 projekt\u016f za \u010dty\u0159i miliardy korun. Rok 2023 byl rovn\u011b\u017e ve znamen\u00ed jednoho mimo\u0159\u00e1dn\u00e9ho zahrani\u010dn\u00edho \u00fasp\u011bchu. K&nbsp;realizaci byl vybr\u00e1n n\u00e1mi p\u0159ipraven\u00fd evropsk\u00fd projekt MECOG-CE \u2013 Pos\u00edlen\u00ed metropolitn\u00ed spolupr\u00e1ce a \u0159\u00edzen\u00ed ve st\u0159edn\u00ed Evrop\u011b a m\u011bsto Brno se tak stalo poprv\u00e9 vedouc\u00edm partnerem mezin\u00e1rodn\u00edho projektu.<\/p>\n\n\n\n<div class=\"wp-block-buttons is-layout-flex wp-block-buttons-is-layout-flex\">\n<div class=\"wp-block-button\"><a class=\"wp-block-button__link wp-element-button\" href=\"https:\/\/metropolitni.brno.cz\/wp-content\/uploads\/2024\/05\/Vyrocni-zprava-Brnenske-metropolitni-oblasti-2023.pdf\"><strong>V\u00fdro\u010dn\u00ed zpr\u00e1va 2023 (dokument)<\/strong><\/a><\/div>\n<\/div>\n<\/div>\n\n\n\n<div class=\"wp-block-column is-layout-flow wp-block-column-is-layout-flow\" style=\"flex-basis:33.33%\">\n<figure class=\"wp-block-image aligncenter size-large is-resized is-style-editorskit-shadow\"><a href=\"https:\/\/metropolitni.brno.cz\/wp-content\/uploads\/2024\/05\/Vyrocni-zprava-Brnenske-metropolitni-oblasti-2023.pdf\"><img loading=\"lazy\" decoding=\"async\" width=\"724\" height=\"1024\" src=\"https:\/\/metropolitni.brno.cz\/wp-content\/uploads\/2024\/03\/Vyrocni-zprava-Brnenske-metropolitni-oblasti-2023_page-0001-724x1024.jpg\" alt=\"\" class=\"wp-image-9274\" style=\"width:314px;height:auto\" srcset=\"https:\/\/metropolitni.brno.cz\/wp-content\/uploads\/2024\/03\/Vyrocni-zprava-Brnenske-metropolitni-oblasti-2023_page-0001-724x1024.jpg 724w, https:\/\/metropolitni.brno.cz\/wp-content\/uploads\/2024\/03\/Vyrocni-zprava-Brnenske-metropolitni-oblasti-2023_page-0001-212x300.jpg 212w, https:\/\/metropolitni.brno.cz\/wp-content\/uploads\/2024\/03\/Vyrocni-zprava-Brnenske-metropolitni-oblasti-2023_page-0001-768x1086.jpg 768w, https:\/\/metropolitni.brno.cz\/wp-content\/uploads\/2024\/03\/Vyrocni-zprava-Brnenske-metropolitni-oblasti-2023_page-0001-1086x1536.jpg 1086w, https:\/\/metropolitni.brno.cz\/wp-content\/uploads\/2024\/03\/Vyrocni-zprava-Brnenske-metropolitni-oblasti-2023_page-0001-1448x2048.jpg 1448w\" sizes=\"(max-width: 724px) 100vw, 724px\" \/><\/a><\/figure>\n<\/div>\n<\/div>\n","protected":false},"featured_media":12938,"template":"","data-temata":[168],"data-temata-typ":[175],"acf":[],"aioseo_notices":[],"_links":{"self":[{"href":"https:\/\/metropolitni.brno.cz\/en\/wp-json\/wp\/v2\/data-o-bmo\/13343"}],"collection":[{"href":"https:\/\/metropolitni.brno.cz\/en\/wp-json\/wp\/v2\/data-o-bmo"}],"about":[{"href":"https:\/\/metropolitni.brno.cz\/en\/wp-json\/wp\/v2\/types\/data-o-bmo"}],"wp:featuredmedia":[{"embeddable":true,"href":"https:\/\/metropolitni.brno.cz\/en\/wp-json\/wp\/v2\/media\/12938"}],"wp:attachment":[{"href":"https:\/\/metropolitni.brno.cz\/en\/wp-json\/wp\/v2\/media?parent=13343"}],"wp:term":[{"taxonomy":"data-temata","embeddable":true,"href":"https:\/\/metropolitni.brno.cz\/en\/wp-json\/wp\/v2\/data-temata?post=13343"},{"taxonomy":"data-temata-typ","embeddable":true,"href":"https:\/\/metropolitni.brno.cz\/en\/wp-json\/wp\/v2\/data-temata-typ?post=13343"}],"curies":[{"name":"wp","href":"https:\/\/api.w.org\/{rel}","templated":true}]}}

Výroční zpráva 2023

<div class="wp-block-columns is-layout-flex wp-container-core-columns-is-layout-1 wp-block-columns-is-layout-flex">
<div class="wp-block-column is-layout-flow wp-block-column-is-layout-flow" style="flex-basis:66.66%">            <div class="w-full py-5"></div>
            


<p>V pořadí již druhá zpráva Brněnské metropolitní oblasti, ve které shrnujeme ty nejdůležitější informace za rok 2023. Výroční zpráva obsahuje přehled o <strong>projektech podpořených v&nbsp;programovém období 2021–2027</strong> a těch finálně <strong>dokončených z&nbsp;období minulého,</strong> zajímavé události roku 2023 a menší statistickou ročenku.</p>



<p>V roce 2023 oslavila Brněnská metropolitní oblast 10 let své existence. Pomalými kroky se tak blíží k&nbsp;plnoletosti. My jsme si připomněli dekádu metropolitní spolupráce výstavou v&nbsp;brněnském Urban centru. Na začátku roku jsme oslovili starostky a starosty z&nbsp;okolí Brna a zeptali se jich, jak vnímají meziobecní spolupráci v&nbsp;rámci Brněnské metropolitní oblasti. Výsledky nás upřímně potěšily, protože více než 91&nbsp;% starostů a starostek má o spolupráci v&nbsp;BMO nadále zájem a spatřují v&nbsp;ní smysl. V&nbsp;roce 2023 se taktéž naplno rozběhla implementace Integrované strategie rozvoje Brněnské metropolitní oblasti 21+. V&nbsp;roce 2023 se nám podařilo schválit celkem 50 projektů za čtyři miliardy korun. Rok 2023 byl rovněž ve znamení jednoho mimořádného zahraničního úspěchu. K&nbsp;realizaci byl vybrán námi připravený evropský projekt MECOG-CE – Posílení metropolitní spolupráce a řízení ve střední Evropě a město Brno se tak stalo poprvé vedoucím partnerem mezinárodního projektu.</p>



<div class="wp-block-buttons is-layout-flex wp-block-buttons-is-layout-flex">
<div class="wp-block-button"><a class="wp-block-button__link wp-element-button" href="https://metropolitni.brno.cz/wp-content/uploads/2024/05/Vyrocni-zprava-Brnenske-metropolitni-oblasti-2023.pdf"><strong>Výroční zpráva 2023 (dokument)</strong></a></div>
</div>
</div>



<div class="wp-block-column is-layout-flow wp-block-column-is-layout-flow" style="flex-basis:33.33%">
<figure class="wp-block-image aligncenter size-large is-resized is-style-editorskit-shadow"><a href="https://metropolitni.brno.cz/wp-content/uploads/2024/05/Vyrocni-zprava-Brnenske-metropolitni-oblasti-2023.pdf"><img loading="lazy" decoding="async" width="724" height="1024" src="https://metropolitni.brno.cz/wp-content/uploads/2024/03/Vyrocni-zprava-Brnenske-metropolitni-oblasti-2023_page-0001-724x1024.jpg" alt="" class="wp-image-9274" style="width:314px;height:auto" srcset="https://metropolitni.brno.cz/wp-content/uploads/2024/03/Vyrocni-zprava-Brnenske-metropolitni-oblasti-2023_page-0001-724x1024.jpg 724w, https://metropolitni.brno.cz/wp-content/uploads/2024/03/Vyrocni-zprava-Brnenske-metropolitni-oblasti-2023_page-0001-212x300.jpg 212w, https://metropolitni.brno.cz/wp-content/uploads/2024/03/Vyrocni-zprava-Brnenske-metropolitni-oblasti-2023_page-0001-768x1086.jpg 768w, https://metropolitni.brno.cz/wp-content/uploads/2024/03/Vyrocni-zprava-Brnenske-metropolitni-oblasti-2023_page-0001-1086x1536.jpg 1086w, https://metropolitni.brno.cz/wp-content/uploads/2024/03/Vyrocni-zprava-Brnenske-metropolitni-oblasti-2023_page-0001-1448x2048.jpg 1448w" sizes="(max-width: 724px) 100vw, 724px" /></a></figure>
</div>
</div>
