{"id":13340,"date":"2024-05-21T12:34:25","date_gmt":"2024-05-21T12:34:25","guid":{"rendered":"https:\/\/metropolitni.brno.cz\/book\/vyrocni-zprava-2022\/"},"modified":"2024-05-21T12:34:25","modified_gmt":"2024-05-21T12:34:25","slug":"vyrocni-zprava-2022","status":"publish","type":"data-o-bmo","link":"https:\/\/metropolitni.brno.cz\/en\/book\/vyrocni-zprava-2022\/","title":{"rendered":"V\u00fdro\u010dn\u00ed zpr\u00e1va 2022"},"content":{"rendered":"\n<div class=\"wp-block-columns is-layout-flex wp-container-core-columns-is-layout-1 wp-block-columns-is-layout-flex\">\n<div class=\"wp-block-column is-layout-flow wp-block-column-is-layout-flow\" style=\"flex-basis:66.66%\">            <div class=\"w-full py-5\"><\/div>\n            \n\n\n<p>Prvn\u00ed v\u00fdro\u010dn\u00ed zpr\u00e1va Brn\u011bnsk\u00e9 metropolitn\u00ed oblast\u00ed za rok 2022. Dokument shrnuje,\u00a0<strong>\u010deho jsme na poli metropolitn\u00ed spolupr\u00e1ce a rozvoje v&nbsp;roce 2022 dos\u00e1hli.<\/strong>\u00a0A proto\u017ee je toto \u00fapln\u011b prvn\u00ed v\u00fdro\u010dn\u00ed zpr\u00e1va, hned na za\u010d\u00e1tek porovn\u00e1v\u00e1 dv\u011b programov\u00e1 obdob\u00ed. To, kter\u00e9 u\u017e m\u00e1me \u00fasp\u011b\u0161n\u011b za sebou (2014-2020), a to, kter\u00e9 n\u00e1s \u010dek\u00e1 (2021-2027). Zpr\u00e1va shrnuje informace o realizovan\u00fdch a pl\u00e1novan\u00fdch projektech v&nbsp;oblasti\u00a0<strong>dopravy, \u017eivotn\u00edho prost\u0159ed\u00ed, vzd\u011bl\u00e1v\u00e1n\u00ed \u010di soci\u00e1ln\u00ed problematiky.<\/strong>\u00a0P\u0159e\u010dtete si i o zaj\u00edmav\u00fdch ud\u00e1lostech, kter\u00e9 se odehr\u00e1ly v&nbsp;roce 2022, a nakonec V\u00e1m zpr\u00e1va shrnuje i z\u00e1kladn\u00ed \u010d\u00edsla reflektuj\u00edc\u00ed fungov\u00e1n\u00ed Brn\u011bnsk\u00e9 metropolitn\u00ed oblasti.\u00a0\u00a0 <\/p>\n\n\n\n<p>Stejn\u011b jako v&nbsp;p\u0159edchoz\u00edch letech, tak i v&nbsp;roce 2022, jsme se sna\u017eili zlep\u0161ovat kvalitu \u017eivota lid\u00ed v&nbsp;Brn\u011bnsk\u00e9 metropolitn\u00ed oblasti. Schv\u00e1lili jsme Integrovanou strategii Brn\u011bnsk\u00e9 metropolitn\u00ed oblasti 2021+, jej\u00ed programov\u00e9 r\u00e1mce a vypsali prvn\u00ed v\u00fdzvy pro projekty. Celkem jsme ji\u017e\u00a0<a href=\"https:\/\/mestobrno.maps.arcgis.com\/apps\/webappviewer\/index.html?id=d07af7a9178c4b48853fecd6306d946d#\"><strong>schv\u00e1lili projekty v&nbsp;hodnot\u011b 1,7 miliardy korun.<\/strong><\/a>\u00a0Kdy\u017e se takto ohl\u00ed\u017e\u00edme, co v\u0161echno n\u00e1m rok 2022 p\u0159inesl, mohli bychom popsat dal\u0161\u00edch deset str\u00e1nek. V\u0161e podstatn\u00e9 se ale dozv\u00edte ve v\u00fdro\u010dn\u00ed zpr\u00e1v\u011b.<\/p>\n\n\n\n<div class=\"wp-block-buttons is-layout-flex wp-block-buttons-is-layout-flex\">\n<div class=\"wp-block-button\"><a class=\"wp-block-button__link wp-element-button\" href=\"https:\/\/metropolitni.brno.cz\/wp-content\/uploads\/2024\/05\/Vyrocni-zprava-Brnenske-metropolitni-oblasti-2022.pdf\"><strong>V\u00fdro\u010dn\u00ed zpr\u00e1va 2022 (dokument)<\/strong><\/a><\/div>\n<\/div>\n<\/div>\n\n\n\n<div class=\"wp-block-column is-layout-flow wp-block-column-is-layout-flow\" style=\"flex-basis:33.33%\">\n<figure class=\"wp-block-image size-full is-resized is-style-editorskit-shadow\"><a href=\"https:\/\/metropolitni.brno.cz\/wp-content\/uploads\/2024\/05\/Vyrocni-zprava-Brnenske-metropolitni-oblasti-2022.pdf\"><img loading=\"lazy\" decoding=\"async\" width=\"450\" height=\"636\" src=\"https:\/\/metropolitni.brno.cz\/wp-content\/uploads\/2024\/05\/Vyrocni-zprava-Brnenske-metropolitni-oblasti-2022-01-4-450x636-1.png\" alt=\"\" class=\"wp-image-12775\" style=\"width:287px;height:auto\" srcset=\"https:\/\/metropolitni.brno.cz\/wp-content\/uploads\/2024\/05\/Vyrocni-zprava-Brnenske-metropolitni-oblasti-2022-01-4-450x636-1.png 450w, https:\/\/metropolitni.brno.cz\/wp-content\/uploads\/2024\/05\/Vyrocni-zprava-Brnenske-metropolitni-oblasti-2022-01-4-450x636-1-212x300.png 212w\" sizes=\"(max-width: 450px) 100vw, 450px\" \/><\/a><\/figure>\n<\/div>\n<\/div>\n","protected":false},"featured_media":12932,"template":"","data-temata":[168],"data-temata-typ":[175],"acf":[],"aioseo_notices":[],"_links":{"self":[{"href":"https:\/\/metropolitni.brno.cz\/en\/wp-json\/wp\/v2\/data-o-bmo\/13340"}],"collection":[{"href":"https:\/\/metropolitni.brno.cz\/en\/wp-json\/wp\/v2\/data-o-bmo"}],"about":[{"href":"https:\/\/metropolitni.brno.cz\/en\/wp-json\/wp\/v2\/types\/data-o-bmo"}],"wp:featuredmedia":[{"embeddable":true,"href":"https:\/\/metropolitni.brno.cz\/en\/wp-json\/wp\/v2\/media\/12932"}],"wp:attachment":[{"href":"https:\/\/metropolitni.brno.cz\/en\/wp-json\/wp\/v2\/media?parent=13340"}],"wp:term":[{"taxonomy":"data-temata","embeddable":true,"href":"https:\/\/metropolitni.brno.cz\/en\/wp-json\/wp\/v2\/data-temata?post=13340"},{"taxonomy":"data-temata-typ","embeddable":true,"href":"https:\/\/metropolitni.brno.cz\/en\/wp-json\/wp\/v2\/data-temata-typ?post=13340"}],"curies":[{"name":"wp","href":"https:\/\/api.w.org\/{rel}","templated":true}]}}

Výroční zpráva 2022

<div class="wp-block-columns is-layout-flex wp-container-core-columns-is-layout-1 wp-block-columns-is-layout-flex">
<div class="wp-block-column is-layout-flow wp-block-column-is-layout-flow" style="flex-basis:66.66%">            <div class="w-full py-5"></div>
            


<p>První výroční zpráva Brněnské metropolitní oblastí za rok 2022. Dokument shrnuje, <strong>čeho jsme na poli metropolitní spolupráce a rozvoje v&nbsp;roce 2022 dosáhli.</strong> A protože je toto úplně první výroční zpráva, hned na začátek porovnává dvě programová období. To, které už máme úspěšně za sebou (2014-2020), a to, které nás čeká (2021-2027). Zpráva shrnuje informace o realizovaných a plánovaných projektech v&nbsp;oblasti <strong>dopravy, životního prostředí, vzdělávání či sociální problematiky.</strong> Přečtete si i o zajímavých událostech, které se odehrály v&nbsp;roce 2022, a nakonec Vám zpráva shrnuje i základní čísla reflektující fungování Brněnské metropolitní oblasti.   </p>



<p>Stejně jako v&nbsp;předchozích letech, tak i v&nbsp;roce 2022, jsme se snažili zlepšovat kvalitu života lidí v&nbsp;Brněnské metropolitní oblasti. Schválili jsme Integrovanou strategii Brněnské metropolitní oblasti 2021+, její programové rámce a vypsali první výzvy pro projekty. Celkem jsme již <a href="https://mestobrno.maps.arcgis.com/apps/webappviewer/index.html?id=d07af7a9178c4b48853fecd6306d946d#"><strong>schválili projekty v&nbsp;hodnotě 1,7 miliardy korun.</strong></a> Když se takto ohlížíme, co všechno nám rok 2022 přinesl, mohli bychom popsat dalších deset stránek. Vše podstatné se ale dozvíte ve výroční zprávě.</p>



<div class="wp-block-buttons is-layout-flex wp-block-buttons-is-layout-flex">
<div class="wp-block-button"><a class="wp-block-button__link wp-element-button" href="https://metropolitni.brno.cz/wp-content/uploads/2024/05/Vyrocni-zprava-Brnenske-metropolitni-oblasti-2022.pdf"><strong>Výroční zpráva 2022 (dokument)</strong></a></div>
</div>
</div>



<div class="wp-block-column is-layout-flow wp-block-column-is-layout-flow" style="flex-basis:33.33%">
<figure class="wp-block-image size-full is-resized is-style-editorskit-shadow"><a href="https://metropolitni.brno.cz/wp-content/uploads/2024/05/Vyrocni-zprava-Brnenske-metropolitni-oblasti-2022.pdf"><img loading="lazy" decoding="async" width="450" height="636" src="https://metropolitni.brno.cz/wp-content/uploads/2024/05/Vyrocni-zprava-Brnenske-metropolitni-oblasti-2022-01-4-450x636-1.png" alt="" class="wp-image-12775" style="width:287px;height:auto" srcset="https://metropolitni.brno.cz/wp-content/uploads/2024/05/Vyrocni-zprava-Brnenske-metropolitni-oblasti-2022-01-4-450x636-1.png 450w, https://metropolitni.brno.cz/wp-content/uploads/2024/05/Vyrocni-zprava-Brnenske-metropolitni-oblasti-2022-01-4-450x636-1-212x300.png 212w" sizes="(max-width: 450px) 100vw, 450px" /></a></figure>
</div>
</div>
